e remainder when 91 is divided by (1 - -1)*(-16)/12*-12.
27
Suppose -23*v + 26*v = 6. Suppose -180 = -v*q - 2*q. Calculate the remainder when q is divided by 2/10 + (-228)/(-10).
22
Let p = -25 - -63. Suppose -2*j + h = -p, -3*j - h + 83 = 4*h. What is the remainder when j is divided by 12?
9
Let z(u) = u**2 - 23*u + 31. Calculate the remainder when 512 is divided by z(0).
16
Let u(s) = -2*s + 36. Let h be u(15). What is the remainder when 102 is divided by h*(-60)/(-14) + (-2)/(-7)?
24
Let w(a) = -12 + 0*a + 12 - a. What is the remainder when 6/15 + 84/15 is divided by w(-3)?
0
Suppose -4*p - z = -0*z - 23, 1 = -p + 2*z. Let x = -229 - -237. Calculate the remainder when x is divided by p.
3
Let h(f) = -6*f**2 - 121*f - 15. What is the remainder when 35 is divided by h(-20)?
0
Let s(i) = -i**2 - 7*i + 3. Let q be s(-7). Suppose 0 = -v - 0*y - 5*y - 14, v = q*y + 18. Let n = 1 + 1. Calculate the remainder when v is divided by n.
0
Let v(p) = 4*p - 1. Suppose 0 = q + 9 + 7. What is the remainder when v(4) is divided by (-2 + 6/4)/(2/q)?
3
Suppose -402 = -25*l + 23. Calculate the remainder when 95 is divided by l.
10
Let p be 0 - (6 + -3)*-54. Let t = p + -85. Let x = -38 + t. Calculate the remainder when x is divided by 21.
18
Let o = 47 + 98. Suppose -k + o - 9 = 3*c, 0 = 3*k + 2*c - 380. What is the remainder when k is divided by 21?
19
Suppose 4*d - 5*w = -w + 28, 0 = d - 3*w - 13. Let x be (d - 3) + 2/(-2). Suppose 0 = 2*n - x*n - 54. What is the remainder when n is divided by 10?
7
Suppose -p - 4*p = 0, -5*p - 4 = -v. Let f = 7 - v. Suppose f*u + 5*k - 6 = 25, -73 = -5*u - 3*k. What is the remainder when 31 is divided by u?
14
Suppose -4*f + 3*f + 2 = 0. Let t(i) = 2*i**3 + 3*i**2 - 2*i + 2. What is the remainder when t(f) is divided by 7?
5
Calculate the remainder when 88 is divided by (10/(-8) - -2)*208/6.
10
Calculate the remainder when 131 is divided by -2*(1084/(-32) - 3/24).
63
Suppose -69 = -k - 5*d, -5*d = 2*k + 2*k - 231. Let t be 0/(1 + 2 - 4). Suppose 42 = 3*n - t*n. What is the remainder when k is divided by n?
12
Let l(w) = -w**3 - 40*w**2 - 7*w - 94. Calculate the remainder when l(-40) is divided by 103.
83
Let v(r) = -r**3 - 2*r**2 + r - 4. Let d be v(-3). Let s(u) = 4*u**2 + 0 + 0 - d + u. What is the remainder when 77 is divided by s(2)?
13
Let d = -53 - -112. Let k = d - 26. Suppose 3*g - k = 84. Calculate the remainder when g is divided by 6.
3
Suppose -6*q = -q + 3*s + 89, 2*q = 2*s - 26. Let n = q - -21. Suppose 0 = 5*w - n - 10. Calculate the remainder when w is divided by 2.
1
Suppose -8*n + 3*n = 20. Let k be (n/8)/(4/(-440)). Suppose -5*h + k = -0*h. Calculate the remainder when 42 is divided by h.
9
Let o = 9 + -3. Calculate the remainder when 27 is divided by o.
3
Let d(h) = h**3 - 8*h**2 + 36*h + 10. Calculate the remainder when d(9) is divided by 135.
10
Let c(b) = 2*b - 1. Let j be c(-1). Let p(r) = 2*r**2 + 3*r - 3. Suppose 4*h - 5*m - 113 = 0, 0 = m + 4 + 1. What is the remainder when h is divided by p(j)?
4
What is the remainder when (-220)/(-14) - (-110)/385 is divided by 4?
0
Let g = 301 + -181. Suppose -3*b + 3*o + g = 0, -2*b - 50 = -3*b - o. Calculate the remainder when b is divided by 16.
13
Suppose -25*l + 2*v + 7 = -24*l, -v = -l + 10. What is the remainder when 310 is divided by l?
11
Let x be 3/4 + (-65)/(-4). Suppose -4*d + 136 = -5*q + x, 5*q + 145 = 5*d. Calculate the remainder when d is divided by 6 + 5 - (-1 - -3).
8
Let v(n) = -16 + 2 + 7 + 28*n. Calculate the remainder when v(1) is divided by 12.
9
Suppose -2*x + 24 + 8 = -4*r, 5 = -r. Suppose 2*a + 2*o - 68 = 0, 0*o = 2*o + 10. Calculate the remainder when a is divided by x.
3
Let m(r) = -6*r + 216. Suppose -79 = -v - 27. What is the remainder when v is divided by m(33)?
16
Let p = 1535 - 1459. What is the remainder when 151 is divided by p?
75
Let w be 4/(-14) - (-721)/(-49). Let t(y) = y**2 + 15*y - 17. Let m be t(w). Let a = m + 21. Calculate the remainder when 14 is divided by a.
2
Calculate the remainder when ((-142)/6)/((-184)/(-24) + -8) is divided by 20.
11
Let c(v) = 27*v + 1 + 29*v - 24*v. What is the remainder when c(1) is divided by 168/70*(12/8 - -1)?
3
Let z(d) = 3*d**2 - 37*d + 105. What is the remainder when 364 is divided by z(12)?
85
Suppose 25*p - 30*p - 4*o = -501, -301 = -3*p - 2*o. Let w = 33 + -7. What is the remainder when p is divided by w?
23
Let x(o) = o**3 + o**2. Let z(q) = -3*q**3 + 2*q - 9. Let a(v) = -4*x(v) - z(v). Calculate the remainder when 32 is divided by a(-4).
15
Suppose -5*q + 59 = 34. Calculate the remainder when 14 is divided by q.
4
Suppose -6*l - 62 = -8*l. Calculate the remainder when 181 is divided by l.
26
Let v be (-2)/((-2 - -5) + -4). What is the remainder when 58 is divided by -4*(v - 14/8)*-15?
13
Let z be 3 - 4*(-5)/(-20). Suppose 4*r = -3*a + 254, -4*a - 3*r - z*r = -338. Calculate the remainder when a is divided by 28.
26
Let r be 20 + (-1 - -6)/(-5). Let x = r + 90. What is the remainder when x is divided by 28?
25
Let m(i) = i. Suppose -67*v + 49*v + 270 = 0. Calculate the remainder when v is divided by m(4).
3
Suppose 0 = -2*i + 12*i - 180. What is the remainder when 118 is divided by i?
10
Let c = 89 - 56. Let g(y) = -y**3 + 16*y**2 + 24*y + 8. What is the remainder when g(17) is divided by c?
28
Calculate the remainder when (31 + -47 - (-1 - 1))*-1 is divided by 2.
0
Suppose 0*q - 2*q + 45 = 5*o, 0 = -4*o + 12. What is the remainder when 18 is divided by -3 - (-212)/q - (-2)/(-15)?
7
Suppose -3*q + 5*r = -6*q + 40, -5*q + 58 = 4*r. Let x = 17 - q. What is the remainder when (-6)/(-33) + 414/22 is divided by x?
5
Let c(y) be the third derivative of -y**4/4 + y**3/3 - 3*y**2. Calculate the remainder when 294/5 - (126/45 - 3) is divided by c(-3).
19
Let h = 52 - 39. Calculate the remainder when 127 is divided by h.
10
Suppose 5*q + 59 = -36. Let n = 109 + q. Calculate the remainder when n is divided by 23.
21
Suppose 0 = 5*g - 13*g + 32. Suppose -g*s - 95 - 69 = -4*y, 0 = -2*y - 3*s + 77. What is the remainder when y is divided by 22?
18
Let m be 20/15*3/2. Suppose m*l + 4 = -f, 3*l + 6 = -5*f - 0. Calculate the remainder when 29 is divided by 3*(l + 66/9).
13
Let s(r) = -8*r**3 + 6*r**2 + 15*r + 10. Calculate the remainder when s(-4) is divided by 17.
14
Suppose 342 = -76*g + 82*g. What is the remainder when 66 is divided by g?
9
Let y = 159 - 156. Calculate the remainder when 3 is divided by y.
0
Let a(q) = -2*q**3 - 7*q**2 - 5*q + 1. Let g be a(-4). Let j = g + -14. Calculate the remainder when 89 is divided by j.
20
Suppose -223 = 15*o - 853. Calculate the remainder when 159 is divided by o.
33
Let k(s) = 79*s - 43. What is the remainder when k(4) is divided by 55?
53
Let l(b) = b**2 - 9*b - 1. Suppose 1 = -2*y + 7. What is the remainder when l(10) is divided by y?
0
Let l(v) = -7*v - 3 - 27 + v. What is the remainder when 47 is divided by l(-7)?
11
Suppose -2*v - 110 = -4*c, 33*v = 2*c + 29*v - 70. Calculate the remainder when 238 is divided by c.
13
What is the remainder when 173 is divided by 2 - (-5 - (-8 - -16))?
8
Suppose 3*t = 7*t - 52. Calculate the remainder when 3087/56 + -5 - ((-25)/(-40))/5 is divided by t.
11
Suppose -3*x = -3*d - 18, 0 = x - 5*x - 5*d + 51. Suppose -c - 2*c + 75 = 0. Calculate the remainder when 480/(36/x) - (-4 + 0) is divided by c.
24
Suppose -3*c = c. Suppose 9*v + c*v = 234. Calculate the remainder when v is divided by 8.
2
Suppose -b = -4*b, 2*u = -4*b + 6. Suppose u*f = f + 6. Suppose 4*l = 65 + f. What is the remainder when 32 is divided by l?
15
Suppose -5*l - 554 = -3*w, -1328 = -5*w - l - 442. What is the remainder when w is divided by 9?
7
What is the remainder when (-18)/(-90) - (-1299)/5 is divided by 12?
8
Suppose 26 - 24 = -2*b. Let p = b + 5. Calculate the remainder when 11 is divided by p.
3
Suppose 27 = 4*i - 5*r, 3*r - 22 = -3*i + 5*r. Suppose 2*o + 372 = -10*o. Calculate the remainder when (-7)/((-35)/(-10)) - o is divided by i.
5
Suppose 3*s - 117 = -4*m, -18 = -5*s - 3*m + 177. Suppose -2*l = -9*l + 21. Suppose l*r + 6 = 36. Calculate the remainder when s is divided by r.
9
Suppose -968 - 902 = -110*s. What is the remainder when 97 is divided by s?
12
Let l(m) = 3*m**2 + 36*m - 44. Let p = -2 + 5. What is the remainder whe